{"id":1190,"date":"2018-05-24T08:44:39","date_gmt":"2018-05-24T06:44:39","guid":{"rendered":"http:\/\/ksmstudio.pl\/nowastr\/ksmstudio\/?page_id=1190"},"modified":"2025-05-14T15:57:39","modified_gmt":"2025-05-14T13:57:39","slug":"polityka-prywatnosci","status":"publish","type":"page","link":"https:\/\/ksmstudio.pl\/nowastr\/ksmstudio\/polityka-prywatnosci\/","title":{"rendered":"Polityka prywatno\u015bci\/RODO"},"content":{"rendered":"<h5>Szanowni Pa\u0144stwo,<\/h5>\n<h5>informujemy, \u017ce firma Ksm Studio Klaudia Szyszko-Marceniuk z siedzib\u0105 w Legnicy przy ul. Palmowej 1, przetwarza informacje pozyskane bezpo\u015brednio od podmiotu danych lub pracownik\u00f3w podmiotu danych. W\u015br\u00f3d tych informacji mog\u0105 pojawi\u0107 si\u0119 dane, kt\u00f3re na gruncie Rozporz\u0105dzenia Parlamentu Europejskiego i Rady Unii Europejskiej 2016\/679 z dnia 27 kwietnia 2016 r. w sprawie ochrony os\u00f3b fizycznych w zwi\u0105zku z przetwarzaniem danych osobowych i w sprawie swobodnego przep\u0142ywu takich danych oraz uchylenia dyrektywy 95\/46\/WE (dalej nazwa RODO), maj\u0105 charakter danych osobowych. Zgodnie z obowi\u0105zuj\u0105cymi przepisami dotycz\u0105cymi ochrony danych osobowych, w szczeg\u00f3lno\u015bci z Og\u00f3lnym Rozporz\u0105dzeniem, celem zapewnienia w\u0142a\u015bciwej ochrony danych osobowych, osobie kt\u00f3rej dane dotycz\u0105 nale\u017cy przede wszystkim poda\u0107 informacje dotycz\u0105ce przetwarzania jej danych osobowych okre\u015blone w art. 13 lub 14 RODO &#8211; w zale\u017cno\u015bci od tego, czy zosta\u0142y one pozyskane bezpo\u015brednio od osoby kt\u00f3rej dane dotycz\u0105, czy te\u017c z innych \u017ar\u00f3de\u0142.<\/h5>\n<h5>W \u015bwietle powy\u017cszego pragniemy poinformowa\u0107 Pa\u0144stwa, \u017ce:<\/h5>\n<h5>1. Administratorem Pani\/Pana danych osobowych (dalej: Administrator) jest: Ksm Studio Klaudia Szyszko-Marceniuk, ul. Palmowa 1, 59-220 Legnica, NIP: 6911610947, REGON: 021976153, wpisana do rejestru ewidencji dzia\u0142alno\u015bci gospodarczej. Z Administratorem mo\u017cna si\u0119 kontaktowa\u0107 pisemnie, za pomoc\u0105 poczty tradycyjnej na adres: ul. Palmowa 1, 59-220 Legnica lub email: biuro@ksmstudio.pl lub klaudia.szyszko@ksmstudio.pl.<\/h5>\n<h5>2. Administrator wyznaczy\u0142 Inspektora Ochrony Danych, z kt\u00f3rym mo\u017cna si\u0119 kontaktowa\u0107 pisemnie, za pomoc\u0105 poczty tradycyjnej na adres: ul. Palmowa 1, 59-220 Legnica lub email: biuro@ksmstudio.pl lub klaudia.szyszko@ksmstudio.pl.<\/h5>\n<h5>3. Pani\/Pana dane osobowe s\u0105 przetwarzane zgodnie z Rozporz\u0105dzeniem Parlamentu Europejskiego i Rady (UE) 2016\/679 z dnia 27 kwietnia 2016 r. w sprawie ochrony os\u00f3b fizycznych w zwi\u0105zku z przetwarzaniem danych osobowych i w sprawie swobodnego przep\u0142ywu takich danych oraz uchylenia dyrektywy 95\/46\/WE (Dz.Urz.UE.L Nr 119, str. 1) (dalej r\u00f3wnie\u017c: \u201eRODO\u201d) oraz innymi aktualnie obowi\u0105zuj\u0105cymi, tj. przez ca\u0142y okres przetwarzania okre\u015blonych danych, przepisami prawa o ochronie danych osobowych w celu realizacji um\u00f3w sprzeda\u017cy, wsp\u00f3\u0142pracy handlowej i transakcji gospodarczych.<\/h5>\n<h5>4. Odbiorcami danych osobowych mog\u0105 by\u0107 pracownicy lub wsp\u00f3\u0142pracownicy administratora danych, kt\u00f3rzy powinni mie\u0107 dost\u0119p do danych w zwi\u0105zku z realizacj\u0105 um\u00f3w sprzeda\u017cy i transakcji handlowych.<\/h5>\n<h5>5. Dane osobowe nie b\u0119d\u0105 przekazywane osobom trzecim, z wyj\u0105tkiem podmiot\u00f3w upowa\u017cnionych na podstawie przepis\u00f3w prawa, kancelarii doradztwa podatkowego, z kt\u00f3r\u0105 wsp\u00f3\u0142pracuje Administrator danych oraz firmom wsp\u00f3\u0142pracuj\u0105cym w celu realizacji um\u00f3w sprzeda\u017cy, wsp\u00f3\u0142pracy handlowej i transakcji gospodarczych, z kt\u00f3rymi Administrator danych ma podpisan\u0105 umow\u0119 powierzenia przetwarzania danych osobowych jak r\u00f3wnie\u017c firmom kurierskim i \u015bwiadcz\u0105cym us\u0142ugi transportowe w celu dostarczenia przesy\u0142ki pod wskazany przez Pa\u0144stwo adres.<\/h5>\n<h5>6. Podanie danych osobowych nie jest obowi\u0105zkowe, ale jest niezb\u0119dne dla wykonania zlecenia otrzymanego od podmiotu danych lub od pracownik\u00f3w podmiotu danych.<\/h5>\n<h5>7. Administrator dok\u0142ada wszelkich stara\u0144, aby zapewni\u0107 wszelkie \u015brodki fizycznej, technicznej i organizacyjnej ochrony danych osobowych przed ich przypadkowym czy umy\u015blnym zniszczeniem, przypadkow\u0105 utrat\u0105, zmian\u0105, nieuprawnionym ujawnieniem, wykorzystaniem czy dost\u0119pem, zgodnie ze wszystkimi obowi\u0105zuj\u0105cymi przepisami. Administrator zapewnia pe\u0142ne bezpiecze\u0144stwo ze szczeg\u00f3lnym uwzgl\u0119dnieniem prawa do ochrony prywatno\u015bci. W tym celu gromadzi tylko niezb\u0119dne minimum informacji potrzebnych do realizacji um\u00f3w sprzeda\u017cy, wsp\u00f3\u0142pracy handlowej i transakcji gospodarczych, otrzymanych od podmiot\u00f3w danych czyli: imi\u0119, nazwisko, adres wysy\u0142kowy, numer telefonu, adres e-mail, dane do faktury. Zapewniamy, \u017ce do zabezpieczenia powy\u017cszych danych stosujemy odpowiednie \u015brodki techniczne i organizacyjne zapewniaj\u0105ce adekwatny stopie\u0144 bezpiecze\u0144stwa odpowiadaj\u0105cy ryzyku zwi\u0105zanym z przetwarzaniem danych osobowych, o kt\u00f3rych mowa w art. 32 og\u00f3lnego rozporz\u0105dzenia o ochronie danych z dnia 27 kwietnia 2016 r.<\/h5>\n<h5>8. W zwi\u0105zku z przetwarzaniem Pani\/Pana danych osobowych przys\u0142uguje Pani\/Panu prawo do: &#8211; \u017c\u0105dania od Administratora dost\u0119pu do Pani\/Pana danych osobowych, &#8211; \u017c\u0105dania od Administratora sprostowania Pani\/Pana danych osobowych, &#8211; \u017c\u0105dania od Administratora usuni\u0119cia Pani\/Pana danych osobowych (prawo do bycia zapomnianym), &#8211; \u017c\u0105dania od Administratora ograniczenia przetwarzania Pani\/Pana danych osobowych, &#8211; wniesienia sprzeciwu wobec przetwarzania Pani\/pana danych osobowych, &#8211; przenoszenia Pani\/Pana danych osobowych, &#8211; wniesienia skargi do organu nadzorczego. Z powy\u017cszych praw mo\u017cna skorzysta\u0107 poprzez: &#8211; kontakt e-mailowy pod adresem: biuro@ksmstudio.pl lub klaudia .szyszko@ksmstudio.pl. &#8211; kontakt pisemny, za pomoc\u0105 poczty tradycyjnej na adres: ul. Palmowa 1, 59-220 Legnica<\/h5>\n","protected":false},"excerpt":{"rendered":"<p>Szanowni Pa\u0144stwo, informujemy, \u017ce firma Ksm Studio Klaudia Szyszko-Marceniuk z siedzib\u0105 w Legnicy przy ul. Palmowej 1, przetwarza informacje pozyskane bezpo\u015brednio od podmiotu danych lub pracownik\u00f3w podmiotu danych. W\u015br\u00f3d tych informacji mog\u0105 pojawi\u0107 si\u0119 dane, kt\u00f3re na gruncie Rozporz\u0105dzenia Parlamentu Europejskiego i Rady Unii Europejskiej 2016\/679 z dnia 27 kwietnia 2016 r. w sprawie ochrony [&hellip;]<\/p>\n","protected":false},"author":2,"featured_media":0,"parent":0,"menu_order":0,"comment_status":"closed","ping_status":"closed","template":"","meta":{"ngg_post_thumbnail":0,"footnotes":""},"class_list":["post-1190","page","type-page","status-publish","hentry"],"yoast_head":"<!-- This site is optimized with the Yoast SEO plugin v24.5 - https:\/\/yoast.com\/wordpress\/plugins\/seo\/ -->\n<title>Polityka prywatno\u015bci\/RODO - Ksm Studio<\/title>\n<meta name=\"robots\" content=\"index, follow, max-snippet:-1, max-image-preview:large, max-video-preview:-1\" \/>\n<link rel=\"canonical\" href=\"https:\/\/ksmstudio.pl\/nowastr\/ksmstudio\/polityka-prywatnosci\/\" \/>\n<meta property=\"og:locale\" content=\"pl_PL\" \/>\n<meta property=\"og:type\" content=\"article\" \/>\n<meta property=\"og:title\" content=\"Polityka prywatno\u015bci\/RODO - Ksm Studio\" \/>\n<meta property=\"og:description\" content=\"Szanowni Pa\u0144stwo, informujemy, \u017ce firma Ksm Studio Klaudia Szyszko-Marceniuk z siedzib\u0105 w Legnicy przy ul. Palmowej 1, przetwarza informacje pozyskane bezpo\u015brednio od podmiotu danych lub pracownik\u00f3w podmiotu danych. W\u015br\u00f3d tych informacji mog\u0105 pojawi\u0107 si\u0119 dane, kt\u00f3re na gruncie Rozporz\u0105dzenia Parlamentu Europejskiego i Rady Unii Europejskiej 2016\/679 z dnia 27 kwietnia 2016 r. w sprawie ochrony [&hellip;]\" \/>\n<meta property=\"og:url\" content=\"https:\/\/ksmstudio.pl\/nowastr\/ksmstudio\/polityka-prywatnosci\/\" \/>\n<meta property=\"og:site_name\" content=\"Ksm Studio\" \/>\n<meta property=\"article:publisher\" content=\"https:\/\/www.facebook.com\/KsmStudiopl\" \/>\n<meta property=\"article:modified_time\" content=\"2025-05-14T13:57:39+00:00\" \/>\n<meta name=\"twitter:card\" content=\"summary_large_image\" \/>\n<meta name=\"twitter:label1\" content=\"Szacowany czas czytania\" \/>\n\t<meta name=\"twitter:data1\" content=\"4 minuty\" \/>\n<script type=\"application\/ld+json\" class=\"yoast-schema-graph\">{\"@context\":\"https:\/\/schema.org\",\"@graph\":[{\"@type\":\"WebPage\",\"@id\":\"https:\/\/ksmstudio.pl\/nowastr\/ksmstudio\/polityka-prywatnosci\/\",\"url\":\"https:\/\/ksmstudio.pl\/nowastr\/ksmstudio\/polityka-prywatnosci\/\",\"name\":\"Polityka prywatno\u015bci\/RODO - Ksm Studio\",\"isPartOf\":{\"@id\":\"https:\/\/ksmstudio.pl\/nowastr\/ksmstudio\/#website\"},\"datePublished\":\"2018-05-24T06:44:39+00:00\",\"dateModified\":\"2025-05-14T13:57:39+00:00\",\"breadcrumb\":{\"@id\":\"https:\/\/ksmstudio.pl\/nowastr\/ksmstudio\/polityka-prywatnosci\/#breadcrumb\"},\"inLanguage\":\"pl-PL\",\"potentialAction\":[{\"@type\":\"ReadAction\",\"target\":[\"https:\/\/ksmstudio.pl\/nowastr\/ksmstudio\/polityka-prywatnosci\/\"]}]},{\"@type\":\"BreadcrumbList\",\"@id\":\"https:\/\/ksmstudio.pl\/nowastr\/ksmstudio\/polityka-prywatnosci\/#breadcrumb\",\"itemListElement\":[{\"@type\":\"ListItem\",\"position\":1,\"name\":\"Strona g\u0142\u00f3wna\",\"item\":\"https:\/\/ksmstudio.pl\/nowastr\/ksmstudio\/\"},{\"@type\":\"ListItem\",\"position\":2,\"name\":\"Polityka prywatno\u015bci\/RODO\"}]},{\"@type\":\"WebSite\",\"@id\":\"https:\/\/ksmstudio.pl\/nowastr\/ksmstudio\/#website\",\"url\":\"https:\/\/ksmstudio.pl\/nowastr\/ksmstudio\/\",\"name\":\"Ksm Studio\",\"description\":\"Drukarnia Reklama Opakowania\",\"publisher\":{\"@id\":\"https:\/\/ksmstudio.pl\/nowastr\/ksmstudio\/#organization\"},\"potentialAction\":[{\"@type\":\"SearchAction\",\"target\":{\"@type\":\"EntryPoint\",\"urlTemplate\":\"https:\/\/ksmstudio.pl\/nowastr\/ksmstudio\/?s={search_term_string}\"},\"query-input\":{\"@type\":\"PropertyValueSpecification\",\"valueRequired\":true,\"valueName\":\"search_term_string\"}}],\"inLanguage\":\"pl-PL\"},{\"@type\":\"Organization\",\"@id\":\"https:\/\/ksmstudio.pl\/nowastr\/ksmstudio\/#organization\",\"name\":\"Ksm Studio Klaudia Szyszko-Marceniuk\",\"url\":\"https:\/\/ksmstudio.pl\/nowastr\/ksmstudio\/\",\"logo\":{\"@type\":\"ImageObject\",\"inLanguage\":\"pl-PL\",\"@id\":\"https:\/\/ksmstudio.pl\/nowastr\/ksmstudio\/#\/schema\/logo\/image\/\",\"url\":\"https:\/\/ksmstudio.pl\/nowastr\/ksmstudio\/wp-content\/uploads\/2017\/09\/oocjiljjlgjkilam.png\",\"contentUrl\":\"https:\/\/ksmstudio.pl\/nowastr\/ksmstudio\/wp-content\/uploads\/2017\/09\/oocjiljjlgjkilam.png\",\"width\":200,\"height\":200,\"caption\":\"Ksm Studio Klaudia Szyszko-Marceniuk\"},\"image\":{\"@id\":\"https:\/\/ksmstudio.pl\/nowastr\/ksmstudio\/#\/schema\/logo\/image\/\"},\"sameAs\":[\"https:\/\/www.facebook.com\/KsmStudiopl\",\"https:\/\/www.instagram.com\/ksmstudiolegnica\/\"]}]}<\/script>\n<!-- \/ Yoast SEO plugin. -->","yoast_head_json":{"title":"Polityka prywatno\u015bci\/RODO - Ksm Studio","robots":{"index":"index","follow":"follow","max-snippet":"max-snippet:-1","max-image-preview":"max-image-preview:large","max-video-preview":"max-video-preview:-1"},"canonical":"https:\/\/ksmstudio.pl\/nowastr\/ksmstudio\/polityka-prywatnosci\/","og_locale":"pl_PL","og_type":"article","og_title":"Polityka prywatno\u015bci\/RODO - Ksm Studio","og_description":"Szanowni Pa\u0144stwo, informujemy, \u017ce firma Ksm Studio Klaudia Szyszko-Marceniuk z siedzib\u0105 w Legnicy przy ul. Palmowej 1, przetwarza informacje pozyskane bezpo\u015brednio od podmiotu danych lub pracownik\u00f3w podmiotu danych. W\u015br\u00f3d tych informacji mog\u0105 pojawi\u0107 si\u0119 dane, kt\u00f3re na gruncie Rozporz\u0105dzenia Parlamentu Europejskiego i Rady Unii Europejskiej 2016\/679 z dnia 27 kwietnia 2016 r. w sprawie ochrony [&hellip;]","og_url":"https:\/\/ksmstudio.pl\/nowastr\/ksmstudio\/polityka-prywatnosci\/","og_site_name":"Ksm Studio","article_publisher":"https:\/\/www.facebook.com\/KsmStudiopl","article_modified_time":"2025-05-14T13:57:39+00:00","twitter_card":"summary_large_image","twitter_misc":{"Szacowany czas czytania":"4 minuty"},"schema":{"@context":"https:\/\/schema.org","@graph":[{"@type":"WebPage","@id":"https:\/\/ksmstudio.pl\/nowastr\/ksmstudio\/polityka-prywatnosci\/","url":"https:\/\/ksmstudio.pl\/nowastr\/ksmstudio\/polityka-prywatnosci\/","name":"Polityka prywatno\u015bci\/RODO - Ksm Studio","isPartOf":{"@id":"https:\/\/ksmstudio.pl\/nowastr\/ksmstudio\/#website"},"datePublished":"2018-05-24T06:44:39+00:00","dateModified":"2025-05-14T13:57:39+00:00","breadcrumb":{"@id":"https:\/\/ksmstudio.pl\/nowastr\/ksmstudio\/polityka-prywatnosci\/#breadcrumb"},"inLanguage":"pl-PL","potentialAction":[{"@type":"ReadAction","target":["https:\/\/ksmstudio.pl\/nowastr\/ksmstudio\/polityka-prywatnosci\/"]}]},{"@type":"BreadcrumbList","@id":"https:\/\/ksmstudio.pl\/nowastr\/ksmstudio\/polityka-prywatnosci\/#breadcrumb","itemListElement":[{"@type":"ListItem","position":1,"name":"Strona g\u0142\u00f3wna","item":"https:\/\/ksmstudio.pl\/nowastr\/ksmstudio\/"},{"@type":"ListItem","position":2,"name":"Polityka prywatno\u015bci\/RODO"}]},{"@type":"WebSite","@id":"https:\/\/ksmstudio.pl\/nowastr\/ksmstudio\/#website","url":"https:\/\/ksmstudio.pl\/nowastr\/ksmstudio\/","name":"Ksm Studio","description":"Drukarnia Reklama Opakowania","publisher":{"@id":"https:\/\/ksmstudio.pl\/nowastr\/ksmstudio\/#organization"},"potentialAction":[{"@type":"SearchAction","target":{"@type":"EntryPoint","urlTemplate":"https:\/\/ksmstudio.pl\/nowastr\/ksmstudio\/?s={search_term_string}"},"query-input":{"@type":"PropertyValueSpecification","valueRequired":true,"valueName":"search_term_string"}}],"inLanguage":"pl-PL"},{"@type":"Organization","@id":"https:\/\/ksmstudio.pl\/nowastr\/ksmstudio\/#organization","name":"Ksm Studio Klaudia Szyszko-Marceniuk","url":"https:\/\/ksmstudio.pl\/nowastr\/ksmstudio\/","logo":{"@type":"ImageObject","inLanguage":"pl-PL","@id":"https:\/\/ksmstudio.pl\/nowastr\/ksmstudio\/#\/schema\/logo\/image\/","url":"https:\/\/ksmstudio.pl\/nowastr\/ksmstudio\/wp-content\/uploads\/2017\/09\/oocjiljjlgjkilam.png","contentUrl":"https:\/\/ksmstudio.pl\/nowastr\/ksmstudio\/wp-content\/uploads\/2017\/09\/oocjiljjlgjkilam.png","width":200,"height":200,"caption":"Ksm Studio Klaudia Szyszko-Marceniuk"},"image":{"@id":"https:\/\/ksmstudio.pl\/nowastr\/ksmstudio\/#\/schema\/logo\/image\/"},"sameAs":["https:\/\/www.facebook.com\/KsmStudiopl","https:\/\/www.instagram.com\/ksmstudiolegnica\/"]}]}},"_links":{"self":[{"href":"https:\/\/ksmstudio.pl\/nowastr\/ksmstudio\/wp-json\/wp\/v2\/pages\/1190","targetHints":{"allow":["GET"]}}],"collection":[{"href":"https:\/\/ksmstudio.pl\/nowastr\/ksmstudio\/wp-json\/wp\/v2\/pages"}],"about":[{"href":"https:\/\/ksmstudio.pl\/nowastr\/ksmstudio\/wp-json\/wp\/v2\/types\/page"}],"author":[{"embeddable":true,"href":"https:\/\/ksmstudio.pl\/nowastr\/ksmstudio\/wp-json\/wp\/v2\/users\/2"}],"replies":[{"embeddable":true,"href":"https:\/\/ksmstudio.pl\/nowastr\/ksmstudio\/wp-json\/wp\/v2\/comments?post=1190"}],"version-history":[{"count":4,"href":"https:\/\/ksmstudio.pl\/nowastr\/ksmstudio\/wp-json\/wp\/v2\/pages\/1190\/revisions"}],"predecessor-version":[{"id":1858,"href":"https:\/\/ksmstudio.pl\/nowastr\/ksmstudio\/wp-json\/wp\/v2\/pages\/1190\/revisions\/1858"}],"wp:attachment":[{"href":"https:\/\/ksmstudio.pl\/nowastr\/ksmstudio\/wp-json\/wp\/v2\/media?parent=1190"}],"curies":[{"name":"wp","href":"https:\/\/api.w.org\/{rel}","templated":true}]}}